greatest common factor of 90 and 20250?
90
Calculate the greatest common divisor of 232 and 19169.
29
Calculate the highest common factor of 23048 and 1206.
134
Calculate the highest common factor of 647060 and 20.
20
Calculate the greatest common factor of 29565 and 2555.
365
Calculate the highest common divisor of 36 and 242796.
12
What is the highest common divisor of 1976 and 1142232?
104
Calculate the greatest common divisor of 136948 and 134.
134
What is the greatest common divisor of 4830 and 140?
70
Calculate the highest common divisor of 59 and 922111.
59
Calculate the highest common factor of 12971 and 1666.
119
Calculate the greatest common factor of 1394 and 374.
34
What is the highest common divisor of 585368 and 14?
14
Calculate the highest common factor of 21304 and 24.
8
Calculate the highest common divisor of 37925 and 2479.
37
Calculate the greatest common divisor of 330 and 15630.
30
Calculate the highest common divisor of 237052 and 36.
4
Calculate the greatest common divisor of 499480 and 1120.
40
Calculate the greatest common factor of 119871 and 646.
19
Calculate the highest common factor of 6076348 and 188.
188
What is the highest common divisor of 14820 and 760?
380
What is the highest common divisor of 589 and 2542?
31
What is the highest common factor of 2044194 and 690?
138
What is the highest common divisor of 130 and 1425294?
26
Calculate the highest common divisor of 5852792 and 88.
88
What is the greatest common factor of 80388 and 504?
252
What is the highest common divisor of 1212 and 3684?
12
Calculate the greatest common factor of 2379 and 127673.
793
Calculate the greatest common divisor of 56 and 3352.
8
What is the highest common factor of 34 and 204986?
34
Calculate the highest common factor of 1519219 and 299.
299
What is the greatest common factor of 40474 and 144746?
686
Calculate the highest common divisor of 170 and 1660135.
85
What is the greatest common factor of 46662 and 42966?
462
Calculate the highest common divisor of 116936 and 20868.
188
What is the highest common divisor of 212652 and 204?
12
What is the highest common divisor of 55146 and 2100?
42
What is the highest common factor of 266204 and 183?
61
What is the greatest common factor of 3573 and 98059?
397
Calculate the highest common divisor of 39442 and 703.
37
What is the highest common divisor of 215644 and 58?
58
Calculate the greatest common divisor of 66527 and 5538.
71
Calculate the highest common factor of 1823472 and 54.
54
What is the highest common divisor of 323 and 146547?
19
What is the highest common factor of 815 and 24287?
163
What is the greatest common divisor of 13209 and 7140?
357
Calculate the greatest common divisor of 124701 and 591.
591
Calculate the highest common divisor of 275683 and 527.
31
What is the highest common divisor of 616 and 23576?
56
What is the greatest common divisor of 3864 and 2436?
84
What is the greatest common factor of 286 and 473902?
286
Calculate the greatest common factor of 15 and 102535.
5
What is the greatest common divisor of 1445 and 1008321?
289
What is the greatest common divisor of 6 and 154017?
3
Calculate the greatest common divisor of 156689 and 26.
13
Calculate the highest common factor of 171 and 18069.
57
Calculate the greatest common factor of 10268 and 6596.
68
What is the greatest common divisor of 2739 and 17015?
83
What is the highest common factor of 140 and 56588?
28
What is the highest common factor of 131090 and 90?
10
Calculate the highest common factor of 457 and 858703.
457
What is the highest common divisor of 70344 and 96?
24
What is the highest common factor of 38007 and 111?
3
What is the greatest common factor of 195 and 6855?
15
Calculate the highest common factor of 1346304 and 32.
32
Calculate the highest common divisor of 200 and 15648.
8
What is the greatest common factor of 1030 and 24617?
103
What is the highest common divisor of 162 and 282?
6
Calculate the highest common divisor of 852 and 2220.
12
What is the highest common factor of 1072 and 37104?
16
Calculate the greatest common factor of 1050703 and 824.
103
What is the highest common factor of 459524 and 702?
26
What is the highest common divisor of 167 and 2967256?
167
What is the greatest common divisor of 728 and 28808?
104
What is the highest common factor of 405 and 13215?
15
What is the highest common divisor of 10 and 1110620?
10
Calculate the greatest common divisor of 43696 and 32.
16
What is the highest common factor of 17230 and 30?
10
Calculate the highest common factor of 1032 and 3984.
24
What is the highest common divisor of 198 and 333?
9
Calculate the highest common divisor of 17629 and 64172.
61
Calculate the greatest common divisor of 74853 and 90.
9
Calculate the greatest common factor of 31332 and 336.
84
What is the greatest common divisor of 1638200 and 5?
5
What is the greatest common divisor of 99002 and 19297?
839
What is the highest common divisor of 137647 and 295?
59
What is the highest common divisor of 2337 and 3567?
123
Calculate the greatest common factor of 2623085 and 15.
5
What is the highest common factor of 43172 and 344?
172
Calculate the highest common divisor of 1034852 and 14.
14
Calculate the greatest common divisor of 10 and 58340.
10
What is the greatest common divisor of 576378 and 1476?
738
Calculate the greatest common divisor of 44 and 83776.
44
What is the greatest common factor of 64020 and 110?
110
What is the highest common divisor of 9401 and 107282?
553
What is the highest common divisor of 963 and 252627?
321
What is the greatest common factor of 10024 and 24?
8
What is the greatest common divisor of 8320 and 1326?
26
Calculate the highest common divisor of 660052 and 93.
31
Calculate the greatest common divisor of 606 and 120.
6
What is the greatest common divisor of 198 and 405?
9
Calculate the highest common factor of 2071 and 5624.
19
What is the highest common divisor of 2788757 and 139?
139
What is the highest common factor of 231230 and 190?
190
What is the highest common factor of 2817655 and 565?
565
What is the highest common factor of 13 and 259051?
13
Calculate the greatest common factor of 29 and 193082.
29
Calculate the greatest common factor of 119640 and 150.
30
Calculate the highest common factor of 290 and 62980.
10
What is the greatest common divisor of 2337219 and 36?
9
What is the greatest common divisor of 324 and 2039256?
324
Calculate the greatest common divisor of 387 and 214527.
129
What is the highest common factor of 28060 and 92?
92
Calculate the highest common factor of 9 and 16893.
9
What is the greatest common factor of 39352 and 152?
8
Calculate the greatest common factor of 4785 and 7395.
435
Calculate the greatest common divisor of 7605 and 506025.
585
Calculate the highest common factor of 9740 and 170.
10
What is the greatest common factor of 2695 and 3355?
55
What is the highest common factor of 858 and 1248?
78
Calculate the greatest common factor of 7285 and 533215.
235
What is the highest common divisor of 51 and 522?
3
What is the highest common divisor of 1068 and 1099773?
267
What is the greatest common factor of 10 and 8068010?
10
Calculate the greatest common divisor of 20306 and 494.
26
What is the highest common divisor of 134232 and 22032?
408
Calculate the highest common divisor of 13730 and 1810.
10
What is the greatest common divisor of 4072 and 20?
4
What is the highest common factor of 10143 and 44667?
63
What is the highest common factor of 15915235 and 35?
35
What is the greatest common factor of 962 and 3552?
74
What is the greatest common factor of 56011 and 79?
79
Calculate the highest common factor of 2230 and 2890.
10
Calculate the highest common factor of 69 and 1615014.
69
What is the greatest common divisor of 208 and 6352?
16
Calculate the greatest common divisor of 1980 and 45285.
15
Calculate the highest common factor of 210 and 11120.
10
Calculate the greatest common divisor of 922582 and 82.
82
What is the greatest common divisor of 1388 and 76?
4
Calculate the highest common divisor of 6235 and 15863.
29
What is the greatest common divisor of 173571 and 94?
47
Calculate the highest common divisor of 1622368 and 1760.
352
What is the greatest common factor of 2